{"id":224,"date":"2021-06-11T00:30:58","date_gmt":"2021-06-10T22:30:58","guid":{"rendered":"https:\/\/www.lesjardinsdejulea.com\/?page_id=224"},"modified":"2024-02-08T12:24:06","modified_gmt":"2024-02-08T11:24:06","slug":"entretien","status":"publish","type":"page","link":"https:\/\/www.lesjardinsdejulea.com\/index.php\/entretien\/","title":{"rendered":"Julea Service Entretien"},"content":{"rendered":"\t\t<div data-elementor-type=\"wp-page\" data-elementor-id=\"224\" class=\"elementor elementor-224\">\n\t\t\t\t\t\t<section class=\"elementor-section elementor-top-section elementor-element elementor-element-0fa0de1 elementor-section-boxed elementor-section-height-default elementor-section-height-default\" data-id=\"0fa0de1\" data-element_type=\"section\" data-e-type=\"section\">\n\t\t\t\t\t\t<div class=\"elementor-container elementor-column-gap-default\">\n\t\t\t\t\t<div class=\"elementor-column elementor-col-100 elementor-top-column elementor-element elementor-element-aea6bf8\" data-id=\"aea6bf8\" data-element_type=\"column\" data-e-type=\"column\">\n\t\t\t<div class=\"elementor-widget-wrap\">\n\t\t\t\t\t\t\t<\/div>\n\t\t<\/div>\n\t\t\t\t\t<\/div>\n\t\t<\/section>\n\t\t\t\t<section class=\"elementor-section elementor-top-section elementor-element elementor-element-dc315ef elementor-section-boxed elementor-section-height-default elementor-section-height-default\" data-id=\"dc315ef\" data-element_type=\"section\" data-e-type=\"section\">\n\t\t\t\t\t\t<div class=\"elementor-container elementor-column-gap-default\">\n\t\t\t\t\t<div class=\"elementor-column elementor-col-100 elementor-top-column elementor-element elementor-element-d1b0cb4\" data-id=\"d1b0cb4\" data-element_type=\"column\" data-e-type=\"column\">\n\t\t\t<div class=\"elementor-widget-wrap elementor-element-populated\">\n\t\t\t\t\t\t<div class=\"elementor-element elementor-element-4fcea48 elementor-widget elementor-widget-text-editor\" data-id=\"4fcea48\" data-element_type=\"widget\" data-e-type=\"widget\" data-widget_type=\"text-editor.default\">\n\t\t\t\t<div class=\"elementor-widget-container\">\n\t\t\t\t\t\t\t\t\t<img fetchpriority=\"high\" decoding=\"async\" class=\"size-medium wp-image-42 alignleft\" src=\"https:\/\/www.lesjardinsdejulea.com\/wp-content\/uploads\/2021\/05\/garden-2179095_1920-300x200.jpg\" alt=\"\" width=\"300\" height=\"200\" srcset=\"https:\/\/www.lesjardinsdejulea.com\/wp-content\/uploads\/2021\/05\/garden-2179095_1920-300x200.jpg 300w, https:\/\/www.lesjardinsdejulea.com\/wp-content\/uploads\/2021\/05\/garden-2179095_1920-1024x683.jpg 1024w, https:\/\/www.lesjardinsdejulea.com\/wp-content\/uploads\/2021\/05\/garden-2179095_1920-768x512.jpg 768w, https:\/\/www.lesjardinsdejulea.com\/wp-content\/uploads\/2021\/05\/garden-2179095_1920-1536x1024.jpg 1536w, https:\/\/www.lesjardinsdejulea.com\/wp-content\/uploads\/2021\/05\/garden-2179095_1920-1200x800.jpg 1200w, https:\/\/www.lesjardinsdejulea.com\/wp-content\/uploads\/2021\/05\/garden-2179095_1920.jpg 1920w\" sizes=\"(max-width: 300px) 100vw, 300px\" \/>\n<p>Les v\u00e9g\u00e9taux sont des \u00eatre vivants qui ont chacun leur carte d\u2019identit\u00e9, leur besoin, leur p\u00e9riode de taille, leur p\u00e9riode de fleuraison. Nous saurons au plus pr\u00e8s prendre soin de vos v\u00e9g\u00e9taux et enrichir votre jardin selon l\u2019esprit que vous voulez lui donner. Dans le cadre du service \u00e0 la personne (r\u00e9duction d&rsquo;imp\u00f4ts) nous pouvons intervenir (dans l\u2019Oise et le Val d\u2019Oise) pour tous travaux d&rsquo;entretien dans votre jardin, ponctuellement ou tout long de l&rsquo;ann\u00e9e sous contrat.<\/p>\t\t\t\t\t\t\t\t<\/div>\n\t\t\t\t<\/div>\n\t\t\t\t\t<\/div>\n\t\t<\/div>\n\t\t\t\t\t<\/div>\n\t\t<\/section>\n\t\t\t\t<section class=\"elementor-section elementor-top-section elementor-element elementor-element-101ab76 elementor-section-boxed elementor-section-height-default elementor-section-height-default\" data-id=\"101ab76\" data-element_type=\"section\" data-e-type=\"section\">\n\t\t\t\t\t\t<div class=\"elementor-container elementor-column-gap-default\">\n\t\t\t\t\t<div class=\"elementor-column elementor-col-100 elementor-top-column elementor-element elementor-element-a463c07\" data-id=\"a463c07\" data-element_type=\"column\" data-e-type=\"column\">\n\t\t\t<div class=\"elementor-widget-wrap elementor-element-populated\">\n\t\t\t\t\t\t<div class=\"elementor-element elementor-element-6ef58bb elementor-align-center elementor-widget elementor-widget-button\" data-id=\"6ef58bb\" data-element_type=\"widget\" data-e-type=\"widget\" data-widget_type=\"button.default\">\n\t\t\t\t<div class=\"elementor-widget-container\">\n\t\t\t\t\t\t\t\t\t<div class=\"elementor-button-wrapper\">\n\t\t\t\t\t<a class=\"elementor-button elementor-button-link elementor-size-sm\" href=\"https:\/\/www.lesjardinsdejulea.com\/index.php\/contact\/\">\n\t\t\t\t\t\t<span class=\"elementor-button-content-wrapper\">\n\t\t\t\t\t\t\t\t\t<span class=\"elementor-button-text\">Demandez votre devis<\/span>\n\t\t\t\t\t<\/span>\n\t\t\t\t\t<\/a>\n\t\t\t\t<\/div>\n\t\t\t\t\t\t\t\t<\/div>\n\t\t\t\t<\/div>\n\t\t\t\t\t<\/div>\n\t\t<\/div>\n\t\t\t\t\t<\/div>\n\t\t<\/section>\n\t\t\t\t<\/div>\n\t\t","protected":false},"excerpt":{"rendered":"<p>Les v\u00e9g\u00e9taux sont des \u00eatre vivants qui ont chacun leur carte d\u2019identit\u00e9, leur besoin, leur p\u00e9riode de taille, leur p\u00e9riode de fleuraison. Nous saurons au [&hellip;]<\/p>\n","protected":false},"author":1,"featured_media":0,"parent":0,"menu_order":0,"comment_status":"closed","ping_status":"closed","template":"","meta":{"footnotes":""},"class_list":["post-224","page","type-page","status-publish","hentry"],"_links":{"self":[{"href":"https:\/\/www.lesjardinsdejulea.com\/index.php\/wp-json\/wp\/v2\/pages\/224","targetHints":{"allow":["GET"]}}],"collection":[{"href":"https:\/\/www.lesjardinsdejulea.com\/index.php\/wp-json\/wp\/v2\/pages"}],"about":[{"href":"https:\/\/www.lesjardinsdejulea.com\/index.php\/wp-json\/wp\/v2\/types\/page"}],"author":[{"embeddable":true,"href":"https:\/\/www.lesjardinsdejulea.com\/index.php\/wp-json\/wp\/v2\/users\/1"}],"replies":[{"embeddable":true,"href":"https:\/\/www.lesjardinsdejulea.com\/index.php\/wp-json\/wp\/v2\/comments?post=224"}],"version-history":[{"count":17,"href":"https:\/\/www.lesjardinsdejulea.com\/index.php\/wp-json\/wp\/v2\/pages\/224\/revisions"}],"predecessor-version":[{"id":439,"href":"https:\/\/www.lesjardinsdejulea.com\/index.php\/wp-json\/wp\/v2\/pages\/224\/revisions\/439"}],"wp:attachment":[{"href":"https:\/\/www.lesjardinsdejulea.com\/index.php\/wp-json\/wp\/v2\/media?parent=224"}],"curies":[{"name":"wp","href":"https:\/\/api.w.org\/{rel}","templated":true}]}}